q - -4. What is the units digit of g?
9
Suppose 6*p - 63 = -3*p. What is the tens digit of 224 + (3/p - (-527)/(-119))?
2
Let d(q) = -7*q + 0 + 4*q + 13 - q**2. What is the units digit of d(0)?
3
Let x(c) = -2*c + 203. What is the tens digit of x(55)?
9
Let s be (1 - 0)/(4/(-60)). Let w = 17 + s. Suppose -w*i + 25 = -i. What is the tens digit of i?
2
Let f be 2 - (-7)/((-7)/(-236)). What is the tens digit of (-4)/(-10) + f/5?
4
Let b(z) = 2*z**2 + 4*z + 2. Let y be 8 + 3 - (-3 + 2). Suppose n - y = 4*u, 2*n + 2*u + 3*u = -28. What is the units digit of b(n)?
8
Let a be (244 + (-4)/(-1))*1. Suppose 5*c = 4*y - a, -y = -2 - 0. Let l = -27 - c. What is the units digit of l?
1
Suppose 0 + 33 = 3*d. Let w = d - 9. What is the units digit of w?
2
Let t(y) = -10*y - 2. Let m(n) = -n**2 - 1. Let l be m(-2). Let j be t(l). Suppose -f = 2*k - j, -f + 0*f = -5*k + 120. What is the units digit of k?
4
Suppose 0 = 3*h + 4*m - 8818, h - 4*m + 2950 = 2*h. What is the units digit of h?
4
Suppose 2*r + 10 = 2*p - 0*p, -2*p + 10 = r. Suppose 2*m - 2*t = -r*t + 122, -3*m + 185 = -2*t. What is the units digit of m?
3
Let d(i) = -i**2 - 13*i + 18. Let u be d(-14). Suppose -1 = c, 1024 - 344 = u*b - 4*c. What is the tens digit of b?
6
Let u(l) = -l**3 + 20*l**2 + 10*l - 5. What is the thousands digit of u(16)?
1
Let m = -781 - -1137. What is the tens digit of m?
5
Let o(f) = -169*f + 18. What is the hundreds digit of o(-2)?
3
Let f(b) = -b**3 - 7*b**2 + 2*b - 9. Let c(v) = -4*v**3 - 22*v**2 + 6*v - 28. Let m(o) = -2*c(o) + 7*f(o). What is the hundreds digit of m(8)?
2
What is the hundreds digit of (-4452781)/(-1679) - 2/46?
6
What is the hundreds digit of ((-3)/(5 + -11))/(11/3168)?
1
Suppose 461*d - 5334 = 454*d. What is the hundreds digit of d?
7
Let w be (-124)/6 - (-5)/(-15). Let u be 1/(-3) - (-245)/w. Let t = u + 30. What is the tens digit of t?
1
Let m be ((-60)/10)/(2/(-1)). Suppose 0 = -m*y + 5*y - 396. What is the tens digit of y?
9
Let i be (5/(-5))/(1/(-13)). Let p = 50 + i. What is the tens digit of p?
6
Let x(a) = 2*a**2 + 4*a - 1. Suppose 24*f - 20*f + 12 = 0. What is the units digit of x(f)?
5
Let z = 532 + -105. What is the units digit of z?
7
Suppose 4*y = -d + 11, 0 = 4*y + y - 4*d - 19. Let i(a) = a**2 - 2*a + 4 - y + 4 - 1. What is the units digit of i(-6)?
2
Suppose -6*b + 48 = -5*b. Suppose 21 = f + 4*y + 5, -y = 3*f - b. Suppose -v = -f - 16. What is the tens digit of v?
3
Suppose 9 = 3*h, -4*h + 0*h + 100 = 4*d. Suppose 65 - d = k. What is the tens digit of k?
4
Let d(n) = 19 - 14 - 9*n - 20. What is the units digit of d(-15)?
0
Let d = 96 - 93. Suppose -4*a = -6*a - d*w + 31, -4*w - 55 = -3*a. What is the tens digit of a?
1
Suppose 0 = t + t + 3*c - 1470, 8 = -2*c. What is the tens digit of t?
4
Suppose -1 - 17 = 3*x. What is the tens digit of (-5790)/40*8/x?
9
Suppose -9 - 6 = -3*d. Suppose 2*q = -5*j + 185, -d*q + 26 + 34 = j. What is the tens digit of j?
3
Suppose -312*g + 310*g + 1780 = 0. What is the tens digit of g?
9
Let l = 45 - 31. Suppose 4 = 6*g - l. What is the units digit of g?
3
Suppose -60*r + 55*r + 19770 = 0. What is the tens digit of r?
5
Suppose -18*b + 2847 = -5*b. What is the hundreds digit of b?
2
Let m = -3 - -6. Suppose 4*x - 4 = 4*i + 2*x, m*x - 6 = 2*i. Suppose 0*l - 4*l + 40 = i. What is the units digit of l?
0
Let j be (9336/(-40) - -4) + 2/5. Let q = 352 + j. What is the tens digit of q?
2
Let b(z) be the third derivative of -z**6/120 + z**5/30 + 5*z**4/24 + 5*z**3/2 - 27*z**2. What is the hundreds digit of b(-5)?
1
Suppose 3*t - 342 = -n + t, 1340 = 4*n + t. What is the tens digit of n?
3
Let r = 21 + 64. Let w = 44 + r. What is the units digit of w?
9
Let y(z) = 6*z**2 + 8*z - 33. What is the tens digit of y(11)?
8
Suppose 9*j - 1218 = 1473. What is the units digit of j?
9
Suppose i - 1 = 5*a, i + 0 = 3*a + 1. Suppose a = z + 3*z - 644. Suppose 12 = 2*g + 3*x - 51, 4*g = x + z. What is the tens digit of g?
3
Let y = 82 - -301. What is the units digit of y?
3
Suppose 0 = 9*o - 2518 + 502. What is the tens digit of o?
2
Suppose 5*t = -5*z + 6 - 86, 62 = -5*z + 4*t. Let u = z - -3. Let g = u + 16. What is the units digit of g?
5
Suppose -2*b = 5*b - 18123. What is the thousands digit of b?
2
Let s = 1536 - 597. What is the hundreds digit of s?
9
Let c = -9 - -6. Let o be (-15 + 3)/c + -2. Suppose 18 + 67 = 3*j - 5*y, -o*y + 96 = 4*j. What is the tens digit of j?
2
Let u be 3/((-108)/(-100)) - 2/(-9). Suppose -u*z = 4*r - 97, 3*z - 6*z + 77 = -r. What is the units digit of z?
7
Suppose 10931 = 3*z - 4*r, 0 = -2*z + 3*r - 18 + 7305. What is the thousands digit of z?
3
Let y(i) = 2*i**3 - 4*i**2 + 3*i - 1. Let p be y(2). What is the units digit of 2 + (2 - p) - (-1600)/10?
9
Let d = 15 - 13. Suppose 0 = 2*w + 5*q - d, 4*w = 5*w - 4*q - 14. Suppose -21 = -9*o + w*o. What is the units digit of o?
7
What is the hundreds digit of 6*354/(-1)*(-18)/24?
5
Suppose -1 = 2*v + 7. What is the units digit of v/(-12)*(9 + 0)?
3
Suppose 39508 = -0*y + 34*y. What is the tens digit of y?
6
Let y(u) = 253*u**3 - u + 1. Let l be y(1). Let t = l - 56. What is the units digit of t?
7
Suppose -5*l - 85 = -10*l. Suppose 13*q - l*q = -160. What is the units digit of q?
0
Let m(w) = 31 - w - 12*w - 76 + w. What is the tens digit of m(-10)?
7
Let c(y) be the first derivative of -7 + y + 1/4*y**4 + 0*y**2 + 0*y**3. What is the units digit of c(0)?
1
Let k = 54 + -51. Suppose k*j + 332 - 28 = 4*a, 2*j = -2*a + 138. What is the units digit of a?
3
Let g be -3 + 1 - 9*2. Let d = g + 70. What is the units digit of d?
0
What is the tens digit of 12/(-16) + 18567/36?
1
Suppose 376 = 4*g + k + 2*k, -5*k = 0. Suppose 0 = -2*m + g - 10. What is the tens digit of m?
4
Let q = 118 - 52. Suppose q*x + 20 = 71*x. What is the units digit of x?
4
Suppose p = -0 + 2. Let d(r) = 6*r + p*r - 6 + 2*r**2 - 2*r**2 - r**2. What is the units digit of d(6)?
6
What is the hundreds digit of 6 - (2156/(-5) - 7/(-35))?
4
Let j = -294 + 660. What is the tens digit of j?
6
Let y(t) be the third derivative of -t**6/120 + t**5/6 + t**4/24 + 5*t**3/3 + 22*t**2. What is the units digit of y(8)?
6
Let l = -523 - -1002. What is the tens digit of l?
7
Let g(s) = -6*s - 19. Let x(m) = 5*m + 19. Let t(j) = -2*g(j) - 3*x(j). What is the units digit of t(-10)?
1
Suppose d - 12 = 4. What is the tens digit of (d - 10)/((-4)/(-90))?
3
Let r(v) = -12*v**2 + 4*v - 4. Let n be r(3). Let d = 148 + n. What is the units digit of d?
8
Suppose 5*m = 1804 + 10096. What is the hundreds digit of m?
3
Let r be (-4)/8 + 3*(-2)/(-12). Suppose 4*q - 9*q + 480 = r. What is the units digit of q?
6
Let v(y) = 5*y**2 - 5*y - 440. What is the hundreds digit of v(-25)?
8
Suppose -13*r = -r - 48. Let w(t) = 3*t**2 + t - 5. What is the units digit of w(r)?
7
Suppose -77*c + 149665 = -12574. What is the thousands digit of c?
2
Let s be (-1 - -19)/(-11 - -13). Let f = s + -4. Suppose 3*x = 2*w + 138, 3*x + 2*w - 141 = f*w. What is the units digit of x?
4
Let x(j) = -14*j**3 + 15*j**2 + 35*j - 15. What is the units digit of x(-5)?
5
Let u = 17 + 59. Let z = u + -4. What is the tens digit of z?
7
Let o(g) = g**3 - 2*g**2 + 3*g + 4. Let r be o(3). Let d = 105 - r. Suppose 69 + d = 4*u. What is the tens digit of u?
3
Let z be -12*(0 + 4)/(-8). Let x(c) = 4*c - 5*c + z*c - 6*c + 33. What is the units digit of x(0)?
3
Let j = 2164 - 1307. What is the units digit of j?
7
Suppose -3*y + 17 = 3*a - 22, -2*a = 4*y - 56. Suppose t = -0*t + y. What is the units digit of -4 + 9/3 + t?
4
Let f = 883 + -113. What is the units digit of f?
0
Let j(k) = 5*k**2 + 4*k. Let h(b) = 10*b**2 + 9*b - 1. Let t(z) = 2*h(z) - 5*j(z). Let v(n) be the first derivative of t(n). What is the units digit of v(-1)?
8
Let f(u) = u**2 + 16. Let x be f(0). Suppose -4*b = z + z + x, -5*z - 2*b = 0. Suppose -2*t = z*t - 168. What is the tens digit of t?
4
What is the units digit of (2/(-5) - 0)/((-1)/1525)?
0
Let m = 18 + -16. Suppose -6*a + 2*a - m*q = -252, 2*a = 3*q + 126. What is the units digit of a?
3
Let q(s) = 238*s - 249. What is the tens digit of q(10)?
3
Suppose 0 = 5*o - 7*v + 6*v - 203, -5*v - 195 = -5*o. Suppose 3*q + o = p - 136, -p + 4*q + 174 = 0. Suppose -7*b + 4*b + p = 0. What is the units digit of b?
2
Let t = -7 + 7. Sup